{"id":522,"date":"2021-05-08T17:56:30","date_gmt":"2021-05-08T17:56:30","guid":{"rendered":"https:\/\/actividadesgijon.com\/reservas\/?post_type=product&#038;p=522"},"modified":"2025-02-17T12:17:05","modified_gmt":"2025-02-17T12:17:05","slug":"paddle-surf-xxl-1-hora","status":"publish","type":"product","link":"https:\/\/www.actividadesgijon.com\/reservas\/productos\/paddle-surf-xxl-1-hora\/","title":{"rendered":"Paddle surf XXL 1 hora"},"content":{"rendered":"<h2>Paddle Surf XXL en Gij\u00f3n<\/h2>\n<p>Reserva y disfruta de la actividad de paddle surf XXL en Gij\u00f3n. Rema en una tabla de paddle surf\u00a0 de tama\u00f1o gigante durante 1 hora. Alquiler para un m\u00ednimo de 4 personas y un m\u00e1ximo de 20 personas podr\u00e1s alquilar esta incre\u00edble tabla de paddle surf y remar coordinadamente. Situado en lugar inmejorable justo delante de la playa de Poniente. Disponemos de 1 tabla gigante de paddle surf y 10 tablas de paddle surf individuales. As\u00ed que si sois grupo grande podemos combinar ambas modalidades.<\/p>\n<p>Sin duda, es una de las actividades acu\u00e1ticas para grupos m\u00e1s demandada durante el verano y un d\u00eda de playa. Tambi\u00e9n hay opci\u00f3n a combinar el paddle surf XXL con el paddle surf individual si el grupo es grande. Ideal para familias, grupos de amigos o despedidas de soltero y soltera.<\/p>\n<p>El Paddle Surf XXL o Big SUP es una variedad de Stand Up pero en una tabla con tama\u00f1o XXL o gigante con una capacidad para 10 personas. Sin duda se trata de una actividad ideal para realizar en grupo con risas aseguradas. Adem\u00e1s, el manejo es similar al Paddle Surf individual. Aunque la dificultad, en este caso, consiste en mantenerse en equilibrio hasta 10 personas sobre una tabla de un tama\u00f1o m\u00e1s grande que la convencional y remar coordinadamente.<\/p>\n<p>Adem\u00e1s, esta combinaci\u00f3n de equilibrio, coordinaci\u00f3n y trabajo\u00a0en equipo hace del Big SUP o paddle surf XXL una de las actividades m\u00e1s divertidas y demandadas de nuestros clientes.<\/p>\n<h3 style=\"color: #cc0000;\"><strong>\u00bfQu\u00e9 incluye Paddle gigante en Gij\u00f3n?<\/strong><\/h3>\n<ul>\n<li>Tabla Paddle Surf gigante, Remo, chaleco salvavidas obligatorio y neopreno.<\/li>\n<li>Duraci\u00f3n 1 hora pero si se desea mas tiempo consultar.<\/li>\n<li>Se realiza en la playa de Poniente, al lado del puerto deportivo de Gij\u00f3n.<\/li>\n<li>Obligatorio saber nadar.<\/li>\n<li>Dispone de servicio de cafeter\u00eda pr\u00f3ximo.<\/li>\n<li>Actividad totalmente homologada.<\/li>\n<\/ul>\n","protected":false},"excerpt":{"rendered":"<p>Alquila una tabla de paddle surf XXL gigante durante una hora en Gij\u00f3n. Precio por persona.<\/p>\n","protected":false},"featured_media":542,"template":"","meta":[],"product_cat":[27],"product_tag":[],"class_list":{"0":"post-522","1":"product","2":"type-product","3":"status-publish","4":"has-post-thumbnail","6":"product_cat-actividades","8":"first","9":"instock","10":"taxable","11":"shipping-taxable","12":"purchasable","13":"product-type-simple"},"yoast_head":"<!-- This site is optimized with the Yoast SEO plugin v23.1 - https:\/\/yoast.com\/wordpress\/plugins\/seo\/ -->\n<title>Paddle Surf XXL 1 hora en Gij\u00f3n - Reservas Actividades Gij\u00f3n<\/title>\n<meta name=\"description\" content=\"Alquila una tabla gigante de paddle surf durante 1 hora para 10 o 14 personas. Reservas al \u260e 690 173 984 - Reservar Paddle surf XXL en Gij\u00f3n\" \/>\n<meta name=\"robots\" content=\"index, follow, max-snippet:-1, max-image-preview:large, max-video-preview:-1\" \/>\n<link rel=\"canonical\" href=\"https:\/\/www.actividadesgijon.com\/reservas\/productos\/paddle-surf-xxl-1-hora\/\" \/>\n<meta property=\"og:locale\" content=\"es_ES\" \/>\n<meta property=\"og:type\" content=\"article\" \/>\n<meta property=\"og:title\" content=\"Paddle Surf XXL 1 hora en Gij\u00f3n - Reservas Actividades Gij\u00f3n\" \/>\n<meta property=\"og:description\" content=\"Alquila una tabla gigante de paddle surf durante 1 hora para 10 o 14 personas. Reservas al \u260e 690 173 984 - Reservar Paddle surf XXL en Gij\u00f3n\" \/>\n<meta property=\"og:url\" content=\"https:\/\/www.actividadesgijon.com\/reservas\/productos\/paddle-surf-xxl-1-hora\/\" \/>\n<meta property=\"og:site_name\" content=\"Reservas Actividades Gij\u00f3n\" \/>\n<meta property=\"article:modified_time\" content=\"2025-02-17T12:17:05+00:00\" \/>\n<meta property=\"og:image\" content=\"https:\/\/www.actividadesgijon.com\/reservas\/wp-content\/uploads\/2021\/05\/reservar-paddle-surf-gijon-xxl-en-gijon.jpg\" \/>\n\t<meta property=\"og:image:width\" content=\"600\" \/>\n\t<meta property=\"og:image:height\" content=\"400\" \/>\n\t<meta property=\"og:image:type\" content=\"image\/jpeg\" \/>\n<meta name=\"twitter:card\" content=\"summary_large_image\" \/>\n<meta name=\"twitter:label1\" content=\"Tiempo de lectura\" \/>\n\t<meta name=\"twitter:data1\" content=\"2 minutos\" \/>\n<script type=\"application\/ld+json\" class=\"yoast-schema-graph\">{\"@context\":\"https:\/\/schema.org\",\"@graph\":[{\"@type\":\"WebPage\",\"@id\":\"https:\/\/www.actividadesgijon.com\/reservas\/productos\/paddle-surf-xxl-1-hora\/\",\"url\":\"https:\/\/www.actividadesgijon.com\/reservas\/productos\/paddle-surf-xxl-1-hora\/\",\"name\":\"Paddle Surf XXL 1 hora en Gij\u00f3n - Reservas Actividades Gij\u00f3n\",\"isPartOf\":{\"@id\":\"https:\/\/www.actividadesgijon.com\/reservas\/#website\"},\"primaryImageOfPage\":{\"@id\":\"https:\/\/www.actividadesgijon.com\/reservas\/productos\/paddle-surf-xxl-1-hora\/#primaryimage\"},\"image\":{\"@id\":\"https:\/\/www.actividadesgijon.com\/reservas\/productos\/paddle-surf-xxl-1-hora\/#primaryimage\"},\"thumbnailUrl\":\"https:\/\/www.actividadesgijon.com\/reservas\/wp-content\/uploads\/2021\/05\/reservar-paddle-surf-gijon-xxl-en-gijon.jpg\",\"datePublished\":\"2021-05-08T17:56:30+00:00\",\"dateModified\":\"2025-02-17T12:17:05+00:00\",\"description\":\"Alquila una tabla gigante de paddle surf durante 1 hora para 10 o 14 personas. Reservas al \u260e 690 173 984 - Reservar Paddle surf XXL en Gij\u00f3n\",\"breadcrumb\":{\"@id\":\"https:\/\/www.actividadesgijon.com\/reservas\/productos\/paddle-surf-xxl-1-hora\/#breadcrumb\"},\"inLanguage\":\"es\",\"potentialAction\":[{\"@type\":\"ReadAction\",\"target\":[\"https:\/\/www.actividadesgijon.com\/reservas\/productos\/paddle-surf-xxl-1-hora\/\"]}]},{\"@type\":\"ImageObject\",\"inLanguage\":\"es\",\"@id\":\"https:\/\/www.actividadesgijon.com\/reservas\/productos\/paddle-surf-xxl-1-hora\/#primaryimage\",\"url\":\"https:\/\/www.actividadesgijon.com\/reservas\/wp-content\/uploads\/2021\/05\/reservar-paddle-surf-gijon-xxl-en-gijon.jpg\",\"contentUrl\":\"https:\/\/www.actividadesgijon.com\/reservas\/wp-content\/uploads\/2021\/05\/reservar-paddle-surf-gijon-xxl-en-gijon.jpg\",\"width\":600,\"height\":400,\"caption\":\"reservar paddle surf xxl en Gij\u00f3n 1 hora\"},{\"@type\":\"BreadcrumbList\",\"@id\":\"https:\/\/www.actividadesgijon.com\/reservas\/productos\/paddle-surf-xxl-1-hora\/#breadcrumb\",\"itemListElement\":[{\"@type\":\"ListItem\",\"position\":1,\"name\":\"Portada\",\"item\":\"https:\/\/www.actividadesgijon.com\/reservas\/\"},{\"@type\":\"ListItem\",\"position\":2,\"name\":\"Productos\",\"item\":\"https:\/\/www.actividadesgijon.com\/reservas\/shop\/\"},{\"@type\":\"ListItem\",\"position\":3,\"name\":\"Paddle surf XXL 1 hora\"}]},{\"@type\":\"WebSite\",\"@id\":\"https:\/\/www.actividadesgijon.com\/reservas\/#website\",\"url\":\"https:\/\/www.actividadesgijon.com\/reservas\/\",\"name\":\"Reservas Actividades Gij\u00f3n\",\"description\":\"\",\"potentialAction\":[{\"@type\":\"SearchAction\",\"target\":{\"@type\":\"EntryPoint\",\"urlTemplate\":\"https:\/\/www.actividadesgijon.com\/reservas\/?s={search_term_string}\"},\"query-input\":\"required name=search_term_string\"}],\"inLanguage\":\"es\"}]}<\/script>\n<!-- \/ Yoast SEO plugin. -->","yoast_head_json":{"title":"Paddle Surf XXL 1 hora en Gij\u00f3n - Reservas Actividades Gij\u00f3n","description":"Alquila una tabla gigante de paddle surf durante 1 hora para 10 o 14 personas. Reservas al \u260e 690 173 984 - Reservar Paddle surf XXL en Gij\u00f3n","robots":{"index":"index","follow":"follow","max-snippet":"max-snippet:-1","max-image-preview":"max-image-preview:large","max-video-preview":"max-video-preview:-1"},"canonical":"https:\/\/www.actividadesgijon.com\/reservas\/productos\/paddle-surf-xxl-1-hora\/","og_locale":"es_ES","og_type":"article","og_title":"Paddle Surf XXL 1 hora en Gij\u00f3n - Reservas Actividades Gij\u00f3n","og_description":"Alquila una tabla gigante de paddle surf durante 1 hora para 10 o 14 personas. Reservas al \u260e 690 173 984 - Reservar Paddle surf XXL en Gij\u00f3n","og_url":"https:\/\/www.actividadesgijon.com\/reservas\/productos\/paddle-surf-xxl-1-hora\/","og_site_name":"Reservas Actividades Gij\u00f3n","article_modified_time":"2025-02-17T12:17:05+00:00","og_image":[{"width":600,"height":400,"url":"https:\/\/www.actividadesgijon.com\/reservas\/wp-content\/uploads\/2021\/05\/reservar-paddle-surf-gijon-xxl-en-gijon.jpg","type":"image\/jpeg"}],"twitter_card":"summary_large_image","twitter_misc":{"Tiempo de lectura":"2 minutos"},"schema":{"@context":"https:\/\/schema.org","@graph":[{"@type":"WebPage","@id":"https:\/\/www.actividadesgijon.com\/reservas\/productos\/paddle-surf-xxl-1-hora\/","url":"https:\/\/www.actividadesgijon.com\/reservas\/productos\/paddle-surf-xxl-1-hora\/","name":"Paddle Surf XXL 1 hora en Gij\u00f3n - Reservas Actividades Gij\u00f3n","isPartOf":{"@id":"https:\/\/www.actividadesgijon.com\/reservas\/#website"},"primaryImageOfPage":{"@id":"https:\/\/www.actividadesgijon.com\/reservas\/productos\/paddle-surf-xxl-1-hora\/#primaryimage"},"image":{"@id":"https:\/\/www.actividadesgijon.com\/reservas\/productos\/paddle-surf-xxl-1-hora\/#primaryimage"},"thumbnailUrl":"https:\/\/www.actividadesgijon.com\/reservas\/wp-content\/uploads\/2021\/05\/reservar-paddle-surf-gijon-xxl-en-gijon.jpg","datePublished":"2021-05-08T17:56:30+00:00","dateModified":"2025-02-17T12:17:05+00:00","description":"Alquila una tabla gigante de paddle surf durante 1 hora para 10 o 14 personas. Reservas al \u260e 690 173 984 - Reservar Paddle surf XXL en Gij\u00f3n","breadcrumb":{"@id":"https:\/\/www.actividadesgijon.com\/reservas\/productos\/paddle-surf-xxl-1-hora\/#breadcrumb"},"inLanguage":"es","potentialAction":[{"@type":"ReadAction","target":["https:\/\/www.actividadesgijon.com\/reservas\/productos\/paddle-surf-xxl-1-hora\/"]}]},{"@type":"ImageObject","inLanguage":"es","@id":"https:\/\/www.actividadesgijon.com\/reservas\/productos\/paddle-surf-xxl-1-hora\/#primaryimage","url":"https:\/\/www.actividadesgijon.com\/reservas\/wp-content\/uploads\/2021\/05\/reservar-paddle-surf-gijon-xxl-en-gijon.jpg","contentUrl":"https:\/\/www.actividadesgijon.com\/reservas\/wp-content\/uploads\/2021\/05\/reservar-paddle-surf-gijon-xxl-en-gijon.jpg","width":600,"height":400,"caption":"reservar paddle surf xxl en Gij\u00f3n 1 hora"},{"@type":"BreadcrumbList","@id":"https:\/\/www.actividadesgijon.com\/reservas\/productos\/paddle-surf-xxl-1-hora\/#breadcrumb","itemListElement":[{"@type":"ListItem","position":1,"name":"Portada","item":"https:\/\/www.actividadesgijon.com\/reservas\/"},{"@type":"ListItem","position":2,"name":"Productos","item":"https:\/\/www.actividadesgijon.com\/reservas\/shop\/"},{"@type":"ListItem","position":3,"name":"Paddle surf XXL 1 hora"}]},{"@type":"WebSite","@id":"https:\/\/www.actividadesgijon.com\/reservas\/#website","url":"https:\/\/www.actividadesgijon.com\/reservas\/","name":"Reservas Actividades Gij\u00f3n","description":"","potentialAction":[{"@type":"SearchAction","target":{"@type":"EntryPoint","urlTemplate":"https:\/\/www.actividadesgijon.com\/reservas\/?s={search_term_string}"},"query-input":"required name=search_term_string"}],"inLanguage":"es"}]}},"_links":{"self":[{"href":"https:\/\/www.actividadesgijon.com\/reservas\/wp-json\/wp\/v2\/product\/522"}],"collection":[{"href":"https:\/\/www.actividadesgijon.com\/reservas\/wp-json\/wp\/v2\/product"}],"about":[{"href":"https:\/\/www.actividadesgijon.com\/reservas\/wp-json\/wp\/v2\/types\/product"}],"wp:featuredmedia":[{"embeddable":true,"href":"https:\/\/www.actividadesgijon.com\/reservas\/wp-json\/wp\/v2\/media\/542"}],"wp:attachment":[{"href":"https:\/\/www.actividadesgijon.com\/reservas\/wp-json\/wp\/v2\/media?parent=522"}],"wp:term":[{"taxonomy":"product_cat","embeddable":true,"href":"https:\/\/www.actividadesgijon.com\/reservas\/wp-json\/wp\/v2\/product_cat?post=522"},{"taxonomy":"product_tag","embeddable":true,"href":"https:\/\/www.actividadesgijon.com\/reservas\/wp-json\/wp\/v2\/product_tag?post=522"}],"curies":[{"name":"wp","href":"https:\/\/api.w.org\/{rel}","templated":true}]}}