{"id":353,"date":"2021-05-08T15:37:52","date_gmt":"2021-05-08T15:37:52","guid":{"rendered":"https:\/\/publicidadoviedo.com\/gijontienda\/?post_type=product&#038;p=353"},"modified":"2023-06-08T14:49:00","modified_gmt":"2023-06-08T14:49:00","slug":"kayak","status":"publish","type":"product","link":"https:\/\/www.actividadesgijon.com\/reservas\/productos\/kayak\/","title":{"rendered":"Kayak"},"content":{"rendered":"<h2>Reservar kayak en Gij\u00f3n<\/h2>\n<p>Reservar la actividad de kayak con Actividades Gij\u00f3n es la opci\u00f3n m\u00e1s fiable y segura en la que encontrar\u00e1s todo lo que est\u00e1s buscando. Adem\u00e1s, el alquiler de kayak est\u00e1 situado en un lugar inmejorable delante de la playa de Poniente en Gij\u00f3n.<\/p>\n<p>Te ofrecemos los mejores servicios para principiantes y expertos, con todo lo que necesitas y el acompa\u00f1amiento necesario. Adem\u00e1s, contamos con precios c\u00f3modos que te har\u00e1n disfrutar a\u00fan m\u00e1s la pr\u00e1ctica de diferentes deportes acu\u00e1ticos. \u00a1Vive con nosotros la mejor experiencia!<\/p>\n<p>Los kayaks son una variedad de la piragua que puede contar con uno o dos tripulantes. En esta peque\u00f1a embarcaci\u00f3n tendr\u00e1s que impulsarte con los remos, y disfrutar\u00e1s la brisa y el ambiente deportivo del puerto de Gij\u00f3n. Con Aqua Moto Gij\u00f3n puedes elegir el alquiler de kayak individual o doble, para que compartas este momento con tus amigos o familiares.<\/p>\n<p>Aunque parecido en funcionamiento a su hermano de agua dulce, el Kayak de mar es la versi\u00f3n m\u00e1s aventurera en cuanto a canoas.<br \/>\nAdem\u00e1s, est\u00e1n preparados para aguantar el oleaje de la costa de Gij\u00f3n, nuestros Kayaks te har\u00e1n ver Gij\u00f3n desde otro punto de vista. Esta actividad no necesita ning\u00fan tipo de experiencia previa, ya que nuestros monitores te ense\u00f1ar\u00e1n todo lo necesario y te proporcionar\u00e1n todos los materiales para que t\u00fa solo tengas que centrarte en pasarlo en grande.<\/p>\n<h3 style=\"color: #cc0000;\"><strong>\u00bfQu\u00e9 incluye el alquiler de kayak en Gij\u00f3n?<\/strong><\/h3>\n<ul>\n<li>En el precio se incluye Kayak, remo, traje de neopreno si fuera necesario y chaleco salvavidas obligatorio.<\/li>\n<li>Dispone de vestuarios, duchas y servicio de cafeter\u00eda cercano.<\/li>\n<li>Actividad totalmente homologada.<\/li>\n<\/ul>\n<h3 style=\"color: #cc0000;\"><strong>Recomendaciones:<\/strong><\/h3>\n<ul>\n<li>Traje de ba\u00f1o y ropa para cambiarse aunque no es necesario.<\/li>\n<li>Obligatorio saber nadar.<\/li>\n<\/ul>\n","protected":false},"excerpt":{"rendered":"<p>Alquiler de kayak en Gij\u00f3n. Disponemos de kayaks para un m\u00e1ximo de 8 plazas tanto individuales como dobles. Precio por persona<\/p>\n","protected":false},"featured_media":544,"template":"","meta":[],"product_cat":[27],"product_tag":[],"class_list":{"0":"post-353","1":"product","2":"type-product","3":"status-publish","4":"has-post-thumbnail","6":"product_cat-actividades","8":"first","9":"instock","10":"sale","11":"taxable","12":"shipping-taxable","13":"purchasable","14":"product-type-simple"},"yoast_head":"<!-- This site is optimized with the Yoast SEO plugin v23.1 - https:\/\/yoast.com\/wordpress\/plugins\/seo\/ -->\n<title>Kayak - Alquiler de Kayaks - Reservas Actividades Gij\u00f3n<\/title>\n<meta name=\"description\" content=\"Alquila un kayak en Gij\u00f3n durante 1 hora. Disponemos de 8 unidades de kayaks. Reservas al \u260e 690 173 984 - Reservar kayak en Gij\u00f3n\" \/>\n<meta name=\"robots\" content=\"index, follow, max-snippet:-1, max-image-preview:large, max-video-preview:-1\" \/>\n<link rel=\"canonical\" href=\"https:\/\/www.actividadesgijon.com\/reservas\/productos\/kayak\/\" \/>\n<meta property=\"og:locale\" content=\"es_ES\" \/>\n<meta property=\"og:type\" content=\"article\" \/>\n<meta property=\"og:title\" content=\"Kayak - Alquiler de Kayaks - Reservas Actividades Gij\u00f3n\" \/>\n<meta property=\"og:description\" content=\"Alquila un kayak en Gij\u00f3n durante 1 hora. Disponemos de 8 unidades de kayaks. Reservas al \u260e 690 173 984 - Reservar kayak en Gij\u00f3n\" \/>\n<meta property=\"og:url\" content=\"https:\/\/www.actividadesgijon.com\/reservas\/productos\/kayak\/\" \/>\n<meta property=\"og:site_name\" content=\"Reservas Actividades Gij\u00f3n\" \/>\n<meta property=\"article:modified_time\" content=\"2023-06-08T14:49:00+00:00\" \/>\n<meta property=\"og:image\" content=\"https:\/\/www.actividadesgijon.com\/reservas\/wp-content\/uploads\/2021\/05\/reservar-kayak-en-gijon.jpg\" \/>\n\t<meta property=\"og:image:width\" content=\"600\" \/>\n\t<meta property=\"og:image:height\" content=\"400\" \/>\n\t<meta property=\"og:image:type\" content=\"image\/jpeg\" \/>\n<meta name=\"twitter:card\" content=\"summary_large_image\" \/>\n<meta name=\"twitter:label1\" content=\"Tiempo de lectura\" \/>\n\t<meta name=\"twitter:data1\" content=\"2 minutos\" \/>\n<script type=\"application\/ld+json\" class=\"yoast-schema-graph\">{\"@context\":\"https:\/\/schema.org\",\"@graph\":[{\"@type\":\"WebPage\",\"@id\":\"https:\/\/www.actividadesgijon.com\/reservas\/productos\/kayak\/\",\"url\":\"https:\/\/www.actividadesgijon.com\/reservas\/productos\/kayak\/\",\"name\":\"Kayak - Alquiler de Kayaks - Reservas Actividades Gij\u00f3n\",\"isPartOf\":{\"@id\":\"https:\/\/www.actividadesgijon.com\/reservas\/#website\"},\"primaryImageOfPage\":{\"@id\":\"https:\/\/www.actividadesgijon.com\/reservas\/productos\/kayak\/#primaryimage\"},\"image\":{\"@id\":\"https:\/\/www.actividadesgijon.com\/reservas\/productos\/kayak\/#primaryimage\"},\"thumbnailUrl\":\"https:\/\/www.actividadesgijon.com\/reservas\/wp-content\/uploads\/2021\/05\/reservar-kayak-en-gijon.jpg\",\"datePublished\":\"2021-05-08T15:37:52+00:00\",\"dateModified\":\"2023-06-08T14:49:00+00:00\",\"description\":\"Alquila un kayak en Gij\u00f3n durante 1 hora. Disponemos de 8 unidades de kayaks. Reservas al \u260e 690 173 984 - Reservar kayak en Gij\u00f3n\",\"breadcrumb\":{\"@id\":\"https:\/\/www.actividadesgijon.com\/reservas\/productos\/kayak\/#breadcrumb\"},\"inLanguage\":\"es\",\"potentialAction\":[{\"@type\":\"ReadAction\",\"target\":[\"https:\/\/www.actividadesgijon.com\/reservas\/productos\/kayak\/\"]}]},{\"@type\":\"ImageObject\",\"inLanguage\":\"es\",\"@id\":\"https:\/\/www.actividadesgijon.com\/reservas\/productos\/kayak\/#primaryimage\",\"url\":\"https:\/\/www.actividadesgijon.com\/reservas\/wp-content\/uploads\/2021\/05\/reservar-kayak-en-gijon.jpg\",\"contentUrl\":\"https:\/\/www.actividadesgijon.com\/reservas\/wp-content\/uploads\/2021\/05\/reservar-kayak-en-gijon.jpg\",\"width\":600,\"height\":400,\"caption\":\"reservar kayak en Gij\u00f3n\"},{\"@type\":\"BreadcrumbList\",\"@id\":\"https:\/\/www.actividadesgijon.com\/reservas\/productos\/kayak\/#breadcrumb\",\"itemListElement\":[{\"@type\":\"ListItem\",\"position\":1,\"name\":\"Portada\",\"item\":\"https:\/\/www.actividadesgijon.com\/reservas\/\"},{\"@type\":\"ListItem\",\"position\":2,\"name\":\"Productos\",\"item\":\"https:\/\/www.actividadesgijon.com\/reservas\/shop\/\"},{\"@type\":\"ListItem\",\"position\":3,\"name\":\"Kayak\"}]},{\"@type\":\"WebSite\",\"@id\":\"https:\/\/www.actividadesgijon.com\/reservas\/#website\",\"url\":\"https:\/\/www.actividadesgijon.com\/reservas\/\",\"name\":\"Reservas Actividades Gij\u00f3n\",\"description\":\"\",\"potentialAction\":[{\"@type\":\"SearchAction\",\"target\":{\"@type\":\"EntryPoint\",\"urlTemplate\":\"https:\/\/www.actividadesgijon.com\/reservas\/?s={search_term_string}\"},\"query-input\":\"required name=search_term_string\"}],\"inLanguage\":\"es\"}]}<\/script>\n<!-- \/ Yoast SEO plugin. -->","yoast_head_json":{"title":"Kayak - Alquiler de Kayaks - Reservas Actividades Gij\u00f3n","description":"Alquila un kayak en Gij\u00f3n durante 1 hora. Disponemos de 8 unidades de kayaks. Reservas al \u260e 690 173 984 - Reservar kayak en Gij\u00f3n","robots":{"index":"index","follow":"follow","max-snippet":"max-snippet:-1","max-image-preview":"max-image-preview:large","max-video-preview":"max-video-preview:-1"},"canonical":"https:\/\/www.actividadesgijon.com\/reservas\/productos\/kayak\/","og_locale":"es_ES","og_type":"article","og_title":"Kayak - Alquiler de Kayaks - Reservas Actividades Gij\u00f3n","og_description":"Alquila un kayak en Gij\u00f3n durante 1 hora. Disponemos de 8 unidades de kayaks. Reservas al \u260e 690 173 984 - Reservar kayak en Gij\u00f3n","og_url":"https:\/\/www.actividadesgijon.com\/reservas\/productos\/kayak\/","og_site_name":"Reservas Actividades Gij\u00f3n","article_modified_time":"2023-06-08T14:49:00+00:00","og_image":[{"width":600,"height":400,"url":"https:\/\/www.actividadesgijon.com\/reservas\/wp-content\/uploads\/2021\/05\/reservar-kayak-en-gijon.jpg","type":"image\/jpeg"}],"twitter_card":"summary_large_image","twitter_misc":{"Tiempo de lectura":"2 minutos"},"schema":{"@context":"https:\/\/schema.org","@graph":[{"@type":"WebPage","@id":"https:\/\/www.actividadesgijon.com\/reservas\/productos\/kayak\/","url":"https:\/\/www.actividadesgijon.com\/reservas\/productos\/kayak\/","name":"Kayak - Alquiler de Kayaks - Reservas Actividades Gij\u00f3n","isPartOf":{"@id":"https:\/\/www.actividadesgijon.com\/reservas\/#website"},"primaryImageOfPage":{"@id":"https:\/\/www.actividadesgijon.com\/reservas\/productos\/kayak\/#primaryimage"},"image":{"@id":"https:\/\/www.actividadesgijon.com\/reservas\/productos\/kayak\/#primaryimage"},"thumbnailUrl":"https:\/\/www.actividadesgijon.com\/reservas\/wp-content\/uploads\/2021\/05\/reservar-kayak-en-gijon.jpg","datePublished":"2021-05-08T15:37:52+00:00","dateModified":"2023-06-08T14:49:00+00:00","description":"Alquila un kayak en Gij\u00f3n durante 1 hora. Disponemos de 8 unidades de kayaks. Reservas al \u260e 690 173 984 - Reservar kayak en Gij\u00f3n","breadcrumb":{"@id":"https:\/\/www.actividadesgijon.com\/reservas\/productos\/kayak\/#breadcrumb"},"inLanguage":"es","potentialAction":[{"@type":"ReadAction","target":["https:\/\/www.actividadesgijon.com\/reservas\/productos\/kayak\/"]}]},{"@type":"ImageObject","inLanguage":"es","@id":"https:\/\/www.actividadesgijon.com\/reservas\/productos\/kayak\/#primaryimage","url":"https:\/\/www.actividadesgijon.com\/reservas\/wp-content\/uploads\/2021\/05\/reservar-kayak-en-gijon.jpg","contentUrl":"https:\/\/www.actividadesgijon.com\/reservas\/wp-content\/uploads\/2021\/05\/reservar-kayak-en-gijon.jpg","width":600,"height":400,"caption":"reservar kayak en Gij\u00f3n"},{"@type":"BreadcrumbList","@id":"https:\/\/www.actividadesgijon.com\/reservas\/productos\/kayak\/#breadcrumb","itemListElement":[{"@type":"ListItem","position":1,"name":"Portada","item":"https:\/\/www.actividadesgijon.com\/reservas\/"},{"@type":"ListItem","position":2,"name":"Productos","item":"https:\/\/www.actividadesgijon.com\/reservas\/shop\/"},{"@type":"ListItem","position":3,"name":"Kayak"}]},{"@type":"WebSite","@id":"https:\/\/www.actividadesgijon.com\/reservas\/#website","url":"https:\/\/www.actividadesgijon.com\/reservas\/","name":"Reservas Actividades Gij\u00f3n","description":"","potentialAction":[{"@type":"SearchAction","target":{"@type":"EntryPoint","urlTemplate":"https:\/\/www.actividadesgijon.com\/reservas\/?s={search_term_string}"},"query-input":"required name=search_term_string"}],"inLanguage":"es"}]}},"_links":{"self":[{"href":"https:\/\/www.actividadesgijon.com\/reservas\/wp-json\/wp\/v2\/product\/353"}],"collection":[{"href":"https:\/\/www.actividadesgijon.com\/reservas\/wp-json\/wp\/v2\/product"}],"about":[{"href":"https:\/\/www.actividadesgijon.com\/reservas\/wp-json\/wp\/v2\/types\/product"}],"wp:featuredmedia":[{"embeddable":true,"href":"https:\/\/www.actividadesgijon.com\/reservas\/wp-json\/wp\/v2\/media\/544"}],"wp:attachment":[{"href":"https:\/\/www.actividadesgijon.com\/reservas\/wp-json\/wp\/v2\/media?parent=353"}],"wp:term":[{"taxonomy":"product_cat","embeddable":true,"href":"https:\/\/www.actividadesgijon.com\/reservas\/wp-json\/wp\/v2\/product_cat?post=353"},{"taxonomy":"product_tag","embeddable":true,"href":"https:\/\/www.actividadesgijon.com\/reservas\/wp-json\/wp\/v2\/product_tag?post=353"}],"curies":[{"name":"wp","href":"https:\/\/api.w.org\/{rel}","templated":true}]}}