{"id":350,"date":"2021-05-06T15:22:33","date_gmt":"2021-05-06T15:22:33","guid":{"rendered":"https:\/\/publicidadoviedo.com\/gijontienda\/?post_type=product&#038;p=350"},"modified":"2025-02-17T12:28:14","modified_gmt":"2025-02-17T12:28:14","slug":"motos-de-agua-1-hora","status":"publish","type":"product","link":"https:\/\/www.actividadesgijon.com\/reservas\/productos\/motos-de-agua-1-hora\/","title":{"rendered":"Motos de Agua 1 hora"},"content":{"rendered":"<h2>Motos de agua en Gij\u00f3n 1 hora<\/h2>\n<p>Alquila nuestras motos de agua 1 hora en Gij\u00f3n en el puerto deportivo. Las mejores motos de agua de la Playa de Poniente. Conduce una de nuestras motos de agua, las mejores de Gij\u00f3n, y goza de la sensaci\u00f3n de velocidad sobre las aguas del mar Cant\u00e1brico en una clase impartida por nuestro personal experto.<\/p>\n<p>Disponible para 1 y 2 personas por moto. Disponte a descubrir la costa de Gij\u00f3n como nunca antes la hab\u00edas visto, y adem\u00e1s, disfruta de la experiencia de darte un chapuz\u00f3n en altamar. Divi\u00e9rtete con una moto de agua en el mar Cant\u00e1brico y siente la velocidad y adrenalina que una moto de agua proporcionar.<\/p>\n<p>Desde Actividades Gij\u00f3n somos adictos al agua y te ofrecemos esta incre\u00edble aventura en Gij\u00f3n que podr\u00e1s combinar con <strong>ruta en buggy<\/strong> y con las motos de agua. Siente la emoci\u00f3n y sensaci\u00f3n \u00fanica que una moto de agua ofrece, ya sea con amigos en pareja.<\/p>\n<h3 style=\"color: #cc0000;\"><strong>\u00bfQu\u00e9 incluye el alquiler de motos de agua en Gij\u00f3n?<\/strong><\/h3>\n<ul>\n<li>De 1 a 2 personas por moto.<\/li>\n<li>Excursi\u00f3n en moto acu\u00e1tica con monitor.<\/li>\n<li>Veh\u00edculo Seadoo Bombardier GTX PRO 130 cv.<\/li>\n<li>Ba\u00f1o en altamar y fotos de la experiencia.<\/li>\n<li>Intercambio de piloto en mitad de la ruta.<\/li>\n<\/ul>\n<h3 style=\"color: #cc0000;\"><strong>Equipamiento<\/strong><\/h3>\n<ul>\n<li>Briefing de seguridad.<\/li>\n<li>Chaleco salvavidas obligatorio.<\/li>\n<li>Neopreno si fuese necesario.<\/li>\n<\/ul>\n<h3 style=\"color: #cc0000;\"><strong>A tener en cuenta<\/strong><\/h3>\n<ul>\n<li>Por supuesto, las distancias recorridas dependen mucho de la velocidad del grupo y del estado de la mar.<\/li>\n<li>Las salidas y actividades se realizaran a las horas en punto.<\/li>\n<li>Deberemos estar en las instalaciones con 30 minutos de antelaci\u00f3n para prepararnos y salir puntuales.<\/li>\n<\/ul>\n<p>Disfruta al m\u00e1ximo de un d\u00eda de playa con nuestras aventuras acu\u00e1ticas, como una excursi\u00f3n en moto acu\u00e1tica con ba\u00f1o en altamar por las costas de Gij\u00f3n. Nuestras actividades siempre est\u00e1n supervisadas por monitores para que vivas las experiencias m\u00e1s emocionantes en las m\u00e1quinas m\u00e1s potentes. Todas nuestras motos de agua son \u00faltimo modelo.<\/p>\n","protected":false},"excerpt":{"rendered":"<p>Alquila una moto de agua en Gij\u00f3n durante 1 hora para una o dos personas. Precio por moto.<\/p>\n","protected":false},"featured_media":2932,"template":"","meta":[],"product_cat":[27],"product_tag":[],"class_list":{"0":"post-350","1":"product","2":"type-product","3":"status-publish","4":"has-post-thumbnail","6":"product_cat-actividades","8":"first","9":"instock","10":"sale","11":"taxable","12":"shipping-taxable","13":"purchasable","14":"product-type-simple"},"yoast_head":"<!-- This site is optimized with the Yoast SEO plugin v23.1 - https:\/\/yoast.com\/wordpress\/plugins\/seo\/ -->\n<title>Motos de Agua 1 hora en Gij\u00f3n - Reservas Actividades Gij\u00f3n<\/title>\n<meta name=\"description\" content=\"Alquila una moto de agua durante 1 hora con Actividades Gij\u00f3n y disfruta del mar. Reservas al \u260e 690 173 984 - Motos de agua 1 hora en Gij\u00f3n\" \/>\n<meta name=\"robots\" content=\"index, follow, max-snippet:-1, max-image-preview:large, max-video-preview:-1\" \/>\n<link rel=\"canonical\" href=\"https:\/\/www.actividadesgijon.com\/reservas\/productos\/motos-de-agua-1-hora\/\" \/>\n<meta property=\"og:locale\" content=\"es_ES\" \/>\n<meta property=\"og:type\" content=\"article\" \/>\n<meta property=\"og:title\" content=\"Motos de Agua 1 hora en Gij\u00f3n - Reservas Actividades Gij\u00f3n\" \/>\n<meta property=\"og:description\" content=\"Alquila una moto de agua durante 1 hora con Actividades Gij\u00f3n y disfruta del mar. Reservas al \u260e 690 173 984 - Motos de agua 1 hora en Gij\u00f3n\" \/>\n<meta property=\"og:url\" content=\"https:\/\/www.actividadesgijon.com\/reservas\/productos\/motos-de-agua-1-hora\/\" \/>\n<meta property=\"og:site_name\" content=\"Reservas Actividades Gij\u00f3n\" \/>\n<meta property=\"article:modified_time\" content=\"2025-02-17T12:28:14+00:00\" \/>\n<meta property=\"og:image\" content=\"https:\/\/www.actividadesgijon.com\/reservas\/wp-content\/uploads\/2021\/05\/reservar-motos-de-agua-gijon.jpg\" \/>\n\t<meta property=\"og:image:width\" content=\"600\" \/>\n\t<meta property=\"og:image:height\" content=\"400\" \/>\n\t<meta property=\"og:image:type\" content=\"image\/jpeg\" \/>\n<meta name=\"twitter:card\" content=\"summary_large_image\" \/>\n<meta name=\"twitter:label1\" content=\"Tiempo de lectura\" \/>\n\t<meta name=\"twitter:data1\" content=\"2 minutos\" \/>\n<script type=\"application\/ld+json\" class=\"yoast-schema-graph\">{\"@context\":\"https:\/\/schema.org\",\"@graph\":[{\"@type\":\"WebPage\",\"@id\":\"https:\/\/www.actividadesgijon.com\/reservas\/productos\/motos-de-agua-1-hora\/\",\"url\":\"https:\/\/www.actividadesgijon.com\/reservas\/productos\/motos-de-agua-1-hora\/\",\"name\":\"Motos de Agua 1 hora en Gij\u00f3n - Reservas Actividades Gij\u00f3n\",\"isPartOf\":{\"@id\":\"https:\/\/www.actividadesgijon.com\/reservas\/#website\"},\"primaryImageOfPage\":{\"@id\":\"https:\/\/www.actividadesgijon.com\/reservas\/productos\/motos-de-agua-1-hora\/#primaryimage\"},\"image\":{\"@id\":\"https:\/\/www.actividadesgijon.com\/reservas\/productos\/motos-de-agua-1-hora\/#primaryimage\"},\"thumbnailUrl\":\"https:\/\/www.actividadesgijon.com\/reservas\/wp-content\/uploads\/2021\/05\/reservar-motos-de-agua-gijon.jpg\",\"datePublished\":\"2021-05-06T15:22:33+00:00\",\"dateModified\":\"2025-02-17T12:28:14+00:00\",\"description\":\"Alquila una moto de agua durante 1 hora con Actividades Gij\u00f3n y disfruta del mar. Reservas al \u260e 690 173 984 - Motos de agua 1 hora en Gij\u00f3n\",\"breadcrumb\":{\"@id\":\"https:\/\/www.actividadesgijon.com\/reservas\/productos\/motos-de-agua-1-hora\/#breadcrumb\"},\"inLanguage\":\"es\",\"potentialAction\":[{\"@type\":\"ReadAction\",\"target\":[\"https:\/\/www.actividadesgijon.com\/reservas\/productos\/motos-de-agua-1-hora\/\"]}]},{\"@type\":\"ImageObject\",\"inLanguage\":\"es\",\"@id\":\"https:\/\/www.actividadesgijon.com\/reservas\/productos\/motos-de-agua-1-hora\/#primaryimage\",\"url\":\"https:\/\/www.actividadesgijon.com\/reservas\/wp-content\/uploads\/2021\/05\/reservar-motos-de-agua-gijon.jpg\",\"contentUrl\":\"https:\/\/www.actividadesgijon.com\/reservas\/wp-content\/uploads\/2021\/05\/reservar-motos-de-agua-gijon.jpg\",\"width\":600,\"height\":400,\"caption\":\"reservar motos de agua en Gij\u00f3n\"},{\"@type\":\"BreadcrumbList\",\"@id\":\"https:\/\/www.actividadesgijon.com\/reservas\/productos\/motos-de-agua-1-hora\/#breadcrumb\",\"itemListElement\":[{\"@type\":\"ListItem\",\"position\":1,\"name\":\"Portada\",\"item\":\"https:\/\/www.actividadesgijon.com\/reservas\/\"},{\"@type\":\"ListItem\",\"position\":2,\"name\":\"Productos\",\"item\":\"https:\/\/www.actividadesgijon.com\/reservas\/shop\/\"},{\"@type\":\"ListItem\",\"position\":3,\"name\":\"Motos de Agua 1 hora\"}]},{\"@type\":\"WebSite\",\"@id\":\"https:\/\/www.actividadesgijon.com\/reservas\/#website\",\"url\":\"https:\/\/www.actividadesgijon.com\/reservas\/\",\"name\":\"Reservas Actividades Gij\u00f3n\",\"description\":\"\",\"potentialAction\":[{\"@type\":\"SearchAction\",\"target\":{\"@type\":\"EntryPoint\",\"urlTemplate\":\"https:\/\/www.actividadesgijon.com\/reservas\/?s={search_term_string}\"},\"query-input\":\"required name=search_term_string\"}],\"inLanguage\":\"es\"}]}<\/script>\n<!-- \/ Yoast SEO plugin. -->","yoast_head_json":{"title":"Motos de Agua 1 hora en Gij\u00f3n - Reservas Actividades Gij\u00f3n","description":"Alquila una moto de agua durante 1 hora con Actividades Gij\u00f3n y disfruta del mar. Reservas al \u260e 690 173 984 - Motos de agua 1 hora en Gij\u00f3n","robots":{"index":"index","follow":"follow","max-snippet":"max-snippet:-1","max-image-preview":"max-image-preview:large","max-video-preview":"max-video-preview:-1"},"canonical":"https:\/\/www.actividadesgijon.com\/reservas\/productos\/motos-de-agua-1-hora\/","og_locale":"es_ES","og_type":"article","og_title":"Motos de Agua 1 hora en Gij\u00f3n - Reservas Actividades Gij\u00f3n","og_description":"Alquila una moto de agua durante 1 hora con Actividades Gij\u00f3n y disfruta del mar. Reservas al \u260e 690 173 984 - Motos de agua 1 hora en Gij\u00f3n","og_url":"https:\/\/www.actividadesgijon.com\/reservas\/productos\/motos-de-agua-1-hora\/","og_site_name":"Reservas Actividades Gij\u00f3n","article_modified_time":"2025-02-17T12:28:14+00:00","og_image":[{"width":600,"height":400,"url":"https:\/\/www.actividadesgijon.com\/reservas\/wp-content\/uploads\/2021\/05\/reservar-motos-de-agua-gijon.jpg","type":"image\/jpeg"}],"twitter_card":"summary_large_image","twitter_misc":{"Tiempo de lectura":"2 minutos"},"schema":{"@context":"https:\/\/schema.org","@graph":[{"@type":"WebPage","@id":"https:\/\/www.actividadesgijon.com\/reservas\/productos\/motos-de-agua-1-hora\/","url":"https:\/\/www.actividadesgijon.com\/reservas\/productos\/motos-de-agua-1-hora\/","name":"Motos de Agua 1 hora en Gij\u00f3n - Reservas Actividades Gij\u00f3n","isPartOf":{"@id":"https:\/\/www.actividadesgijon.com\/reservas\/#website"},"primaryImageOfPage":{"@id":"https:\/\/www.actividadesgijon.com\/reservas\/productos\/motos-de-agua-1-hora\/#primaryimage"},"image":{"@id":"https:\/\/www.actividadesgijon.com\/reservas\/productos\/motos-de-agua-1-hora\/#primaryimage"},"thumbnailUrl":"https:\/\/www.actividadesgijon.com\/reservas\/wp-content\/uploads\/2021\/05\/reservar-motos-de-agua-gijon.jpg","datePublished":"2021-05-06T15:22:33+00:00","dateModified":"2025-02-17T12:28:14+00:00","description":"Alquila una moto de agua durante 1 hora con Actividades Gij\u00f3n y disfruta del mar. Reservas al \u260e 690 173 984 - Motos de agua 1 hora en Gij\u00f3n","breadcrumb":{"@id":"https:\/\/www.actividadesgijon.com\/reservas\/productos\/motos-de-agua-1-hora\/#breadcrumb"},"inLanguage":"es","potentialAction":[{"@type":"ReadAction","target":["https:\/\/www.actividadesgijon.com\/reservas\/productos\/motos-de-agua-1-hora\/"]}]},{"@type":"ImageObject","inLanguage":"es","@id":"https:\/\/www.actividadesgijon.com\/reservas\/productos\/motos-de-agua-1-hora\/#primaryimage","url":"https:\/\/www.actividadesgijon.com\/reservas\/wp-content\/uploads\/2021\/05\/reservar-motos-de-agua-gijon.jpg","contentUrl":"https:\/\/www.actividadesgijon.com\/reservas\/wp-content\/uploads\/2021\/05\/reservar-motos-de-agua-gijon.jpg","width":600,"height":400,"caption":"reservar motos de agua en Gij\u00f3n"},{"@type":"BreadcrumbList","@id":"https:\/\/www.actividadesgijon.com\/reservas\/productos\/motos-de-agua-1-hora\/#breadcrumb","itemListElement":[{"@type":"ListItem","position":1,"name":"Portada","item":"https:\/\/www.actividadesgijon.com\/reservas\/"},{"@type":"ListItem","position":2,"name":"Productos","item":"https:\/\/www.actividadesgijon.com\/reservas\/shop\/"},{"@type":"ListItem","position":3,"name":"Motos de Agua 1 hora"}]},{"@type":"WebSite","@id":"https:\/\/www.actividadesgijon.com\/reservas\/#website","url":"https:\/\/www.actividadesgijon.com\/reservas\/","name":"Reservas Actividades Gij\u00f3n","description":"","potentialAction":[{"@type":"SearchAction","target":{"@type":"EntryPoint","urlTemplate":"https:\/\/www.actividadesgijon.com\/reservas\/?s={search_term_string}"},"query-input":"required name=search_term_string"}],"inLanguage":"es"}]}},"_links":{"self":[{"href":"https:\/\/www.actividadesgijon.com\/reservas\/wp-json\/wp\/v2\/product\/350"}],"collection":[{"href":"https:\/\/www.actividadesgijon.com\/reservas\/wp-json\/wp\/v2\/product"}],"about":[{"href":"https:\/\/www.actividadesgijon.com\/reservas\/wp-json\/wp\/v2\/types\/product"}],"wp:featuredmedia":[{"embeddable":true,"href":"https:\/\/www.actividadesgijon.com\/reservas\/wp-json\/wp\/v2\/media\/2932"}],"wp:attachment":[{"href":"https:\/\/www.actividadesgijon.com\/reservas\/wp-json\/wp\/v2\/media?parent=350"}],"wp:term":[{"taxonomy":"product_cat","embeddable":true,"href":"https:\/\/www.actividadesgijon.com\/reservas\/wp-json\/wp\/v2\/product_cat?post=350"},{"taxonomy":"product_tag","embeddable":true,"href":"https:\/\/www.actividadesgijon.com\/reservas\/wp-json\/wp\/v2\/product_tag?post=350"}],"curies":[{"name":"wp","href":"https:\/\/api.w.org\/{rel}","templated":true}]}}