{"id":316,"date":"2021-05-01T09:56:05","date_gmt":"2021-05-01T09:56:05","guid":{"rendered":"https:\/\/publicidadoviedo.com\/gijontienda\/?post_type=product&#038;p=316"},"modified":"2025-02-17T11:22:38","modified_gmt":"2025-02-17T11:22:38","slug":"humor-amarillo","status":"publish","type":"product","link":"https:\/\/www.actividadesgijon.com\/reservas\/productos\/humor-amarillo\/","title":{"rendered":"Humor Amarillo"},"content":{"rendered":"<h2>Humor amarillo en Gij\u00f3n, Asturias<\/h2>\n<p>Reserva y disfruta de la actividad de humor amarillo en Gij\u00f3n con Actividades Gij\u00f3n. <strong>Actividades Gij\u00f3n<\/strong> es la empresa pionera en Gij\u00f3n y Asturias con m\u00e1s a\u00f1os de experiencia en humor amarillo. No esperes a reservar el humor amarillo en Gij\u00f3n y ven a participar en las pruebas m\u00e1s locas con tus amigos y amigas.<\/p>\n<p>\u00bfQui\u00e9n no ha querido nunca participar en \u00abHumor Amarillo\u00bb? El m\u00edtico programa de televisi\u00f3n ha llegado a Actividades Gij\u00f3n, m\u00e1s loco y divertido que nunca.<\/p>\n<p>De mano de nuestros monitores, podr\u00e1s ser parte de pruebas \u00fanicas de multitud de formas: s\u00e9 m\u00e1s duro que una piedra en el \u00ab<strong>Combate de Sumo<\/strong>\u00ab, m\u00e1rcate un pleno con \u00ab<strong>Los Bolos Humanos<\/strong>\u00ab, o demuestra qui\u00e9n es el m\u00e1s feroz de los alrededores en la \u00ab<strong>Lucha de Gladiadores<\/strong>\u00ab. Tambi\u00e9n tenemos la <strong>barredora humana<\/strong>, el <strong>futbol\u00edn humano<\/strong> y la <strong>pared de pu\u00f1os<\/strong>. Por supuesto, todo en unas instalaciones renovadas y totalmente acolchadas y protegidas para los participantes. Adem\u00e1s ahora no hay que preocuparse por el tiempo que haga el d\u00eda de la actividad, ya que en caso de lluvia se puede realizar la actividad igualmente.<\/p>\n<p>No podemos asegurar que acabes las actividades sin cansarte, pero lo que s\u00ed podemos asegurar es que te lo vas a pasar como nunca con nosotros. \u00a1An\u00edmate!<\/p>\n<h3 style=\"color: #cc0000;\"><strong>Requisitos para reservar el Humor amarillo<\/strong><\/h3>\n<ul>\n<li>El m\u00ednimo de participantes es de 5 personas.<\/li>\n<li>Para grupos de menos de 8 personas se puede juntar con otros grupos.<\/li>\n<li>Edad m\u00ednima 12 a\u00f1os.<\/li>\n<li>5 d\u00edas antes se debe concretar el n\u00famero exacto de personas.<\/li>\n<li>Para confirmar la reserva, es necesario hacer un dep\u00f3sito en concepto de reserva y concretar fecha y hora. La cantidad restante se pagar\u00eda al llegar.<\/li>\n<\/ul>\n<h3 style=\"color: #cc0000;\"><strong>Recomendaciones<\/strong><\/h3>\n<ul>\n<li>Ropa y calzado deportivo c\u00f3modo.<\/li>\n<li>No se puede llevar ning\u00fan elemento punzante que pueda da\u00f1ar el acolchado de algunas de las pruebas.<\/li>\n<li>Se recomienda traer ropa deportiva c\u00f3moda.<\/li>\n<\/ul>\n","protected":false},"excerpt":{"rendered":"<p>Ven a participar en las diferentes pruebas de la gymkana Humor amarillo en Gij\u00f3n<\/p>\n","protected":false},"featured_media":424,"template":"","meta":[],"product_cat":[27],"product_tag":[],"class_list":{"0":"post-316","1":"product","2":"type-product","3":"status-publish","4":"has-post-thumbnail","6":"product_cat-actividades","8":"first","9":"instock","10":"taxable","11":"shipping-taxable","12":"purchasable","13":"product-type-simple"},"yoast_head":"<!-- This site is optimized with the Yoast SEO plugin v23.1 - https:\/\/yoast.com\/wordpress\/plugins\/seo\/ -->\n<title>Humor Amarillo en Gij\u00f3n - Reservas Actividades Gij\u00f3n<\/title>\n<meta name=\"description\" content=\"Reserva la actividad de Humor Amarillo con Actividades Gij\u00f3n y vive una aventura \u00fanica. Reservas al \u260e 690 173 984 - Humor amarillo en Gij\u00f3n\" \/>\n<meta name=\"robots\" content=\"index, follow, max-snippet:-1, max-image-preview:large, max-video-preview:-1\" \/>\n<link rel=\"canonical\" href=\"https:\/\/www.actividadesgijon.com\/reservas\/productos\/humor-amarillo\/\" \/>\n<meta property=\"og:locale\" content=\"es_ES\" \/>\n<meta property=\"og:type\" content=\"article\" \/>\n<meta property=\"og:title\" content=\"Humor Amarillo en Gij\u00f3n - Reservas Actividades Gij\u00f3n\" \/>\n<meta property=\"og:description\" content=\"Reserva la actividad de Humor Amarillo con Actividades Gij\u00f3n y vive una aventura \u00fanica. Reservas al \u260e 690 173 984 - Humor amarillo en Gij\u00f3n\" \/>\n<meta property=\"og:url\" content=\"https:\/\/www.actividadesgijon.com\/reservas\/productos\/humor-amarillo\/\" \/>\n<meta property=\"og:site_name\" content=\"Reservas Actividades Gij\u00f3n\" \/>\n<meta property=\"article:modified_time\" content=\"2025-02-17T11:22:38+00:00\" \/>\n<meta property=\"og:image\" content=\"https:\/\/www.actividadesgijon.com\/reservas\/wp-content\/uploads\/2021\/05\/humor-amarillo-gijon-actividades.jpg\" \/>\n\t<meta property=\"og:image:width\" content=\"1280\" \/>\n\t<meta property=\"og:image:height\" content=\"614\" \/>\n\t<meta property=\"og:image:type\" content=\"image\/jpeg\" \/>\n<meta name=\"twitter:card\" content=\"summary_large_image\" \/>\n<meta name=\"twitter:label1\" content=\"Tiempo de lectura\" \/>\n\t<meta name=\"twitter:data1\" content=\"2 minutos\" \/>\n<script type=\"application\/ld+json\" class=\"yoast-schema-graph\">{\"@context\":\"https:\/\/schema.org\",\"@graph\":[{\"@type\":\"WebPage\",\"@id\":\"https:\/\/www.actividadesgijon.com\/reservas\/productos\/humor-amarillo\/\",\"url\":\"https:\/\/www.actividadesgijon.com\/reservas\/productos\/humor-amarillo\/\",\"name\":\"Humor Amarillo en Gij\u00f3n - Reservas Actividades Gij\u00f3n\",\"isPartOf\":{\"@id\":\"https:\/\/www.actividadesgijon.com\/reservas\/#website\"},\"primaryImageOfPage\":{\"@id\":\"https:\/\/www.actividadesgijon.com\/reservas\/productos\/humor-amarillo\/#primaryimage\"},\"image\":{\"@id\":\"https:\/\/www.actividadesgijon.com\/reservas\/productos\/humor-amarillo\/#primaryimage\"},\"thumbnailUrl\":\"https:\/\/www.actividadesgijon.com\/reservas\/wp-content\/uploads\/2021\/05\/humor-amarillo-gijon-actividades.jpg\",\"datePublished\":\"2021-05-01T09:56:05+00:00\",\"dateModified\":\"2025-02-17T11:22:38+00:00\",\"description\":\"Reserva la actividad de Humor Amarillo con Actividades Gij\u00f3n y vive una aventura \u00fanica. Reservas al \u260e 690 173 984 - Humor amarillo en Gij\u00f3n\",\"breadcrumb\":{\"@id\":\"https:\/\/www.actividadesgijon.com\/reservas\/productos\/humor-amarillo\/#breadcrumb\"},\"inLanguage\":\"es\",\"potentialAction\":[{\"@type\":\"ReadAction\",\"target\":[\"https:\/\/www.actividadesgijon.com\/reservas\/productos\/humor-amarillo\/\"]}]},{\"@type\":\"ImageObject\",\"inLanguage\":\"es\",\"@id\":\"https:\/\/www.actividadesgijon.com\/reservas\/productos\/humor-amarillo\/#primaryimage\",\"url\":\"https:\/\/www.actividadesgijon.com\/reservas\/wp-content\/uploads\/2021\/05\/humor-amarillo-gijon-actividades.jpg\",\"contentUrl\":\"https:\/\/www.actividadesgijon.com\/reservas\/wp-content\/uploads\/2021\/05\/humor-amarillo-gijon-actividades.jpg\",\"width\":1280,\"height\":614,\"caption\":\"reservar humor amarillo en Gij\u00f3n\"},{\"@type\":\"BreadcrumbList\",\"@id\":\"https:\/\/www.actividadesgijon.com\/reservas\/productos\/humor-amarillo\/#breadcrumb\",\"itemListElement\":[{\"@type\":\"ListItem\",\"position\":1,\"name\":\"Portada\",\"item\":\"https:\/\/www.actividadesgijon.com\/reservas\/\"},{\"@type\":\"ListItem\",\"position\":2,\"name\":\"Productos\",\"item\":\"https:\/\/www.actividadesgijon.com\/reservas\/shop\/\"},{\"@type\":\"ListItem\",\"position\":3,\"name\":\"Humor Amarillo\"}]},{\"@type\":\"WebSite\",\"@id\":\"https:\/\/www.actividadesgijon.com\/reservas\/#website\",\"url\":\"https:\/\/www.actividadesgijon.com\/reservas\/\",\"name\":\"Reservas Actividades Gij\u00f3n\",\"description\":\"\",\"potentialAction\":[{\"@type\":\"SearchAction\",\"target\":{\"@type\":\"EntryPoint\",\"urlTemplate\":\"https:\/\/www.actividadesgijon.com\/reservas\/?s={search_term_string}\"},\"query-input\":\"required name=search_term_string\"}],\"inLanguage\":\"es\"}]}<\/script>\n<!-- \/ Yoast SEO plugin. -->","yoast_head_json":{"title":"Humor Amarillo en Gij\u00f3n - Reservas Actividades Gij\u00f3n","description":"Reserva la actividad de Humor Amarillo con Actividades Gij\u00f3n y vive una aventura \u00fanica. Reservas al \u260e 690 173 984 - Humor amarillo en Gij\u00f3n","robots":{"index":"index","follow":"follow","max-snippet":"max-snippet:-1","max-image-preview":"max-image-preview:large","max-video-preview":"max-video-preview:-1"},"canonical":"https:\/\/www.actividadesgijon.com\/reservas\/productos\/humor-amarillo\/","og_locale":"es_ES","og_type":"article","og_title":"Humor Amarillo en Gij\u00f3n - Reservas Actividades Gij\u00f3n","og_description":"Reserva la actividad de Humor Amarillo con Actividades Gij\u00f3n y vive una aventura \u00fanica. Reservas al \u260e 690 173 984 - Humor amarillo en Gij\u00f3n","og_url":"https:\/\/www.actividadesgijon.com\/reservas\/productos\/humor-amarillo\/","og_site_name":"Reservas Actividades Gij\u00f3n","article_modified_time":"2025-02-17T11:22:38+00:00","og_image":[{"width":1280,"height":614,"url":"https:\/\/www.actividadesgijon.com\/reservas\/wp-content\/uploads\/2021\/05\/humor-amarillo-gijon-actividades.jpg","type":"image\/jpeg"}],"twitter_card":"summary_large_image","twitter_misc":{"Tiempo de lectura":"2 minutos"},"schema":{"@context":"https:\/\/schema.org","@graph":[{"@type":"WebPage","@id":"https:\/\/www.actividadesgijon.com\/reservas\/productos\/humor-amarillo\/","url":"https:\/\/www.actividadesgijon.com\/reservas\/productos\/humor-amarillo\/","name":"Humor Amarillo en Gij\u00f3n - Reservas Actividades Gij\u00f3n","isPartOf":{"@id":"https:\/\/www.actividadesgijon.com\/reservas\/#website"},"primaryImageOfPage":{"@id":"https:\/\/www.actividadesgijon.com\/reservas\/productos\/humor-amarillo\/#primaryimage"},"image":{"@id":"https:\/\/www.actividadesgijon.com\/reservas\/productos\/humor-amarillo\/#primaryimage"},"thumbnailUrl":"https:\/\/www.actividadesgijon.com\/reservas\/wp-content\/uploads\/2021\/05\/humor-amarillo-gijon-actividades.jpg","datePublished":"2021-05-01T09:56:05+00:00","dateModified":"2025-02-17T11:22:38+00:00","description":"Reserva la actividad de Humor Amarillo con Actividades Gij\u00f3n y vive una aventura \u00fanica. Reservas al \u260e 690 173 984 - Humor amarillo en Gij\u00f3n","breadcrumb":{"@id":"https:\/\/www.actividadesgijon.com\/reservas\/productos\/humor-amarillo\/#breadcrumb"},"inLanguage":"es","potentialAction":[{"@type":"ReadAction","target":["https:\/\/www.actividadesgijon.com\/reservas\/productos\/humor-amarillo\/"]}]},{"@type":"ImageObject","inLanguage":"es","@id":"https:\/\/www.actividadesgijon.com\/reservas\/productos\/humor-amarillo\/#primaryimage","url":"https:\/\/www.actividadesgijon.com\/reservas\/wp-content\/uploads\/2021\/05\/humor-amarillo-gijon-actividades.jpg","contentUrl":"https:\/\/www.actividadesgijon.com\/reservas\/wp-content\/uploads\/2021\/05\/humor-amarillo-gijon-actividades.jpg","width":1280,"height":614,"caption":"reservar humor amarillo en Gij\u00f3n"},{"@type":"BreadcrumbList","@id":"https:\/\/www.actividadesgijon.com\/reservas\/productos\/humor-amarillo\/#breadcrumb","itemListElement":[{"@type":"ListItem","position":1,"name":"Portada","item":"https:\/\/www.actividadesgijon.com\/reservas\/"},{"@type":"ListItem","position":2,"name":"Productos","item":"https:\/\/www.actividadesgijon.com\/reservas\/shop\/"},{"@type":"ListItem","position":3,"name":"Humor Amarillo"}]},{"@type":"WebSite","@id":"https:\/\/www.actividadesgijon.com\/reservas\/#website","url":"https:\/\/www.actividadesgijon.com\/reservas\/","name":"Reservas Actividades Gij\u00f3n","description":"","potentialAction":[{"@type":"SearchAction","target":{"@type":"EntryPoint","urlTemplate":"https:\/\/www.actividadesgijon.com\/reservas\/?s={search_term_string}"},"query-input":"required name=search_term_string"}],"inLanguage":"es"}]}},"_links":{"self":[{"href":"https:\/\/www.actividadesgijon.com\/reservas\/wp-json\/wp\/v2\/product\/316"}],"collection":[{"href":"https:\/\/www.actividadesgijon.com\/reservas\/wp-json\/wp\/v2\/product"}],"about":[{"href":"https:\/\/www.actividadesgijon.com\/reservas\/wp-json\/wp\/v2\/types\/product"}],"wp:featuredmedia":[{"embeddable":true,"href":"https:\/\/www.actividadesgijon.com\/reservas\/wp-json\/wp\/v2\/media\/424"}],"wp:attachment":[{"href":"https:\/\/www.actividadesgijon.com\/reservas\/wp-json\/wp\/v2\/media?parent=316"}],"wp:term":[{"taxonomy":"product_cat","embeddable":true,"href":"https:\/\/www.actividadesgijon.com\/reservas\/wp-json\/wp\/v2\/product_cat?post=316"},{"taxonomy":"product_tag","embeddable":true,"href":"https:\/\/www.actividadesgijon.com\/reservas\/wp-json\/wp\/v2\/product_tag?post=316"}],"curies":[{"name":"wp","href":"https:\/\/api.w.org\/{rel}","templated":true}]}}