{"id":297,"date":"2021-05-06T07:57:12","date_gmt":"2021-05-06T07:57:12","guid":{"rendered":"http:\/\/publicidadoviedo.com\/gijontienda\/?page_id=297"},"modified":"2021-05-06T07:57:12","modified_gmt":"2021-05-06T07:57:12","slug":"aviso-legal","status":"publish","type":"page","link":"https:\/\/www.actividadesgijon.com\/reservas\/aviso-legal\/","title":{"rendered":"Aviso Legal"},"content":{"rendered":"<div class=\"wpb-content-wrapper\"><p>[vc_row][vc_column]<h3 class=\"grve-element grve-title grve-align-left grve-h3\" style=\"\"><span><br>\n<h1 class=\"entry-title main_title\">Aviso Legal<\/h1>\n<\/span><\/h3>[\/vc_column][\/vc_row][vc_row][vc_column][vc_column_text]AVISO LEGAL \u2013\u00a0<strong>ACTIVIDADES GIJ\u00d3N, S.L.<\/strong><\/p>\n<p><strong>Ley Protecci\u00f3n de Datos de Car\u00e1cter Personal<\/strong><\/p>\n<p>De conformidad con lo establecido en Reglamento (UE) 2016\/679 del Parlamento Europeo de Protecci\u00f3n de Datos de Car\u00e1cter Personal, se informa al Cliente\/Usuario de que los datos personales que nos facilita, ser\u00e1n incluidos en un Registro de Actividades titularidad de ACTIVIDADES GIJ\u00d3N, S.L., con la finalidad de realizar una correcta gesti\u00f3n de la relaci\u00f3n comercial, as\u00ed como para informarle de novedades, productos y\/o servicios tanto por medios escritos como electr\u00f3nicos.<\/p>\n<p>Vd. podr\u00e1 en cualquier momento revocar el consentimiento prestado para el env\u00edo de comunicaciones comerciales electr\u00f3nicas remitiendo un correo a la direcci\u00f3n\u00a0<a href=\"mailto:info@actividadesgijon.com\">info@actividadesgijon.com<\/a><\/p>\n<p>Finalmente, le informamos de que puede ejercer sus derechos de acceso, rectificaci\u00f3n, cancelaci\u00f3n y\/u oposici\u00f3n, limitaci\u00f3n de tratamiento, y portabilidad, as\u00ed como revocaci\u00f3n del consentimiento prestado, dirigi\u00e9ndose por escrito a ACTIVIDADES GIJ\u00d3N, S.L. sita en C\/ ARGANDONA, 14 \u2013 BAJO A. 33208 \u2013 GIJ\u00d3N (ASTURIAS).<\/p>\n<p><strong>Ley de Servicios de la Informaci\u00f3n y Comercio Electr\u00f3nico<\/strong><\/p>\n<p>Segun la Ley 34\/2002, de 11 de julio, de Servicios de la Sociedad de la Informaci\u00f3n y Comercio Electr\u00f3nico, se comunican los siguientes datos sobre el dominio de\u00a0<a href=\"http:\/\/www.actividadesgijon.com\/\">www.actividadesgijon.com<\/a><\/p>\n<p><strong>Titular del Dominio<\/strong><\/p>\n<p>ACTIVIDADES GIJ\u00d3N, S.L.<br \/>\nCIF: B-52.550.399<\/p>\n<p><strong>Domicilio<\/strong><\/p>\n<p>C\/ ARGANDONA, 14 \u2013 BAJO A<br \/>\n33208 \u2013 GIJ\u00d3N (ASTURIAS)<\/p>\n<p>Correo electr\u00f3nico<br \/>\n<a href=\"mailto:info@actividadesgijon.com\">info@actividadesgijon.com<\/a><\/p>\n<p>Nombre del dominio<br \/>\n<a href=\"http:\/\/www.actividadesgijon.com\/\">www.actividadesgijon.com<\/a>[\/vc_column_text][\/vc_column][\/vc_row]<\/p>\n<\/div>","protected":false},"excerpt":{"rendered":"<p>[vc_row][vc_column][\/vc_column][\/vc_row][vc_row][vc_column][vc_column_text]AVISO LEGAL \u2013\u00a0ACTIVIDADES GIJ\u00d3N, S.L. Ley Protecci\u00f3n de Datos de Car\u00e1cter Personal De conformidad con lo establecido en Reglamento (UE) 2016\/679 del Parlamento Europeo de Protecci\u00f3n de Datos de Car\u00e1cter Personal, se informa al Cliente\/Usuario de que los datos personales que nos facilita, ser\u00e1n incluidos en un Registro de Actividades titularidad de ACTIVIDADES GIJ\u00d3N, S.L., [&hellip;]<\/p>\n","protected":false},"author":1,"featured_media":0,"parent":0,"menu_order":0,"comment_status":"closed","ping_status":"closed","template":"","meta":{"footnotes":""},"class_list":["post-297","page","type-page","status-publish","hentry"],"yoast_head":"<!-- This site is optimized with the Yoast SEO plugin v23.1 - https:\/\/yoast.com\/wordpress\/plugins\/seo\/ -->\n<title>Aviso Legal - Reservas Actividades Gij\u00f3n<\/title>\n<meta name=\"robots\" content=\"index, follow, max-snippet:-1, max-image-preview:large, max-video-preview:-1\" \/>\n<link rel=\"canonical\" href=\"https:\/\/www.actividadesgijon.com\/reservas\/aviso-legal\/\" \/>\n<meta property=\"og:locale\" content=\"es_ES\" \/>\n<meta property=\"og:type\" content=\"article\" \/>\n<meta property=\"og:title\" content=\"Aviso Legal - Reservas Actividades Gij\u00f3n\" \/>\n<meta property=\"og:description\" content=\"[vc_row][vc_column][\/vc_column][\/vc_row][vc_row][vc_column][vc_column_text]AVISO LEGAL \u2013\u00a0ACTIVIDADES GIJ\u00d3N, S.L. Ley Protecci\u00f3n de Datos de Car\u00e1cter Personal De conformidad con lo establecido en Reglamento (UE) 2016\/679 del Parlamento Europeo de Protecci\u00f3n de Datos de Car\u00e1cter Personal, se informa al Cliente\/Usuario de que los datos personales que nos facilita, ser\u00e1n incluidos en un Registro de Actividades titularidad de ACTIVIDADES GIJ\u00d3N, S.L., [&hellip;]\" \/>\n<meta property=\"og:url\" content=\"https:\/\/www.actividadesgijon.com\/reservas\/aviso-legal\/\" \/>\n<meta property=\"og:site_name\" content=\"Reservas Actividades Gij\u00f3n\" \/>\n<meta name=\"twitter:card\" content=\"summary_large_image\" \/>\n<meta name=\"twitter:label1\" content=\"Tiempo de lectura\" \/>\n\t<meta name=\"twitter:data1\" content=\"1 minuto\" \/>\n<script type=\"application\/ld+json\" class=\"yoast-schema-graph\">{\"@context\":\"https:\/\/schema.org\",\"@graph\":[{\"@type\":\"WebPage\",\"@id\":\"https:\/\/www.actividadesgijon.com\/reservas\/aviso-legal\/\",\"url\":\"https:\/\/www.actividadesgijon.com\/reservas\/aviso-legal\/\",\"name\":\"Aviso Legal - Reservas Actividades Gij\u00f3n\",\"isPartOf\":{\"@id\":\"https:\/\/www.actividadesgijon.com\/reservas\/#website\"},\"datePublished\":\"2021-05-06T07:57:12+00:00\",\"dateModified\":\"2021-05-06T07:57:12+00:00\",\"breadcrumb\":{\"@id\":\"https:\/\/www.actividadesgijon.com\/reservas\/aviso-legal\/#breadcrumb\"},\"inLanguage\":\"es\",\"potentialAction\":[{\"@type\":\"ReadAction\",\"target\":[\"https:\/\/www.actividadesgijon.com\/reservas\/aviso-legal\/\"]}]},{\"@type\":\"BreadcrumbList\",\"@id\":\"https:\/\/www.actividadesgijon.com\/reservas\/aviso-legal\/#breadcrumb\",\"itemListElement\":[{\"@type\":\"ListItem\",\"position\":1,\"name\":\"Portada\",\"item\":\"https:\/\/www.actividadesgijon.com\/reservas\/\"},{\"@type\":\"ListItem\",\"position\":2,\"name\":\"Aviso Legal\"}]},{\"@type\":\"WebSite\",\"@id\":\"https:\/\/www.actividadesgijon.com\/reservas\/#website\",\"url\":\"https:\/\/www.actividadesgijon.com\/reservas\/\",\"name\":\"Reservas Actividades Gij\u00f3n\",\"description\":\"\",\"potentialAction\":[{\"@type\":\"SearchAction\",\"target\":{\"@type\":\"EntryPoint\",\"urlTemplate\":\"https:\/\/www.actividadesgijon.com\/reservas\/?s={search_term_string}\"},\"query-input\":\"required name=search_term_string\"}],\"inLanguage\":\"es\"}]}<\/script>\n<!-- \/ Yoast SEO plugin. -->","yoast_head_json":{"title":"Aviso Legal - Reservas Actividades Gij\u00f3n","robots":{"index":"index","follow":"follow","max-snippet":"max-snippet:-1","max-image-preview":"max-image-preview:large","max-video-preview":"max-video-preview:-1"},"canonical":"https:\/\/www.actividadesgijon.com\/reservas\/aviso-legal\/","og_locale":"es_ES","og_type":"article","og_title":"Aviso Legal - Reservas Actividades Gij\u00f3n","og_description":"[vc_row][vc_column][\/vc_column][\/vc_row][vc_row][vc_column][vc_column_text]AVISO LEGAL \u2013\u00a0ACTIVIDADES GIJ\u00d3N, S.L. Ley Protecci\u00f3n de Datos de Car\u00e1cter Personal De conformidad con lo establecido en Reglamento (UE) 2016\/679 del Parlamento Europeo de Protecci\u00f3n de Datos de Car\u00e1cter Personal, se informa al Cliente\/Usuario de que los datos personales que nos facilita, ser\u00e1n incluidos en un Registro de Actividades titularidad de ACTIVIDADES GIJ\u00d3N, S.L., [&hellip;]","og_url":"https:\/\/www.actividadesgijon.com\/reservas\/aviso-legal\/","og_site_name":"Reservas Actividades Gij\u00f3n","twitter_card":"summary_large_image","twitter_misc":{"Tiempo de lectura":"1 minuto"},"schema":{"@context":"https:\/\/schema.org","@graph":[{"@type":"WebPage","@id":"https:\/\/www.actividadesgijon.com\/reservas\/aviso-legal\/","url":"https:\/\/www.actividadesgijon.com\/reservas\/aviso-legal\/","name":"Aviso Legal - Reservas Actividades Gij\u00f3n","isPartOf":{"@id":"https:\/\/www.actividadesgijon.com\/reservas\/#website"},"datePublished":"2021-05-06T07:57:12+00:00","dateModified":"2021-05-06T07:57:12+00:00","breadcrumb":{"@id":"https:\/\/www.actividadesgijon.com\/reservas\/aviso-legal\/#breadcrumb"},"inLanguage":"es","potentialAction":[{"@type":"ReadAction","target":["https:\/\/www.actividadesgijon.com\/reservas\/aviso-legal\/"]}]},{"@type":"BreadcrumbList","@id":"https:\/\/www.actividadesgijon.com\/reservas\/aviso-legal\/#breadcrumb","itemListElement":[{"@type":"ListItem","position":1,"name":"Portada","item":"https:\/\/www.actividadesgijon.com\/reservas\/"},{"@type":"ListItem","position":2,"name":"Aviso Legal"}]},{"@type":"WebSite","@id":"https:\/\/www.actividadesgijon.com\/reservas\/#website","url":"https:\/\/www.actividadesgijon.com\/reservas\/","name":"Reservas Actividades Gij\u00f3n","description":"","potentialAction":[{"@type":"SearchAction","target":{"@type":"EntryPoint","urlTemplate":"https:\/\/www.actividadesgijon.com\/reservas\/?s={search_term_string}"},"query-input":"required name=search_term_string"}],"inLanguage":"es"}]}},"_links":{"self":[{"href":"https:\/\/www.actividadesgijon.com\/reservas\/wp-json\/wp\/v2\/pages\/297"}],"collection":[{"href":"https:\/\/www.actividadesgijon.com\/reservas\/wp-json\/wp\/v2\/pages"}],"about":[{"href":"https:\/\/www.actividadesgijon.com\/reservas\/wp-json\/wp\/v2\/types\/page"}],"author":[{"embeddable":true,"href":"https:\/\/www.actividadesgijon.com\/reservas\/wp-json\/wp\/v2\/users\/1"}],"replies":[{"embeddable":true,"href":"https:\/\/www.actividadesgijon.com\/reservas\/wp-json\/wp\/v2\/comments?post=297"}],"version-history":[{"count":2,"href":"https:\/\/www.actividadesgijon.com\/reservas\/wp-json\/wp\/v2\/pages\/297\/revisions"}],"predecessor-version":[{"id":299,"href":"https:\/\/www.actividadesgijon.com\/reservas\/wp-json\/wp\/v2\/pages\/297\/revisions\/299"}],"wp:attachment":[{"href":"https:\/\/www.actividadesgijon.com\/reservas\/wp-json\/wp\/v2\/media?parent=297"}],"curies":[{"name":"wp","href":"https:\/\/api.w.org\/{rel}","templated":true}]}}